 of 540?
4
What is the units digit of 3288?
8
What is the hundreds digit of 11469?
4
What is the hundreds digit of 8277?
2
What is the tens digit of 1303?
0
What is the ten thousands digit of 103701?
0
What is the units digit of 2366?
6
What is the tens digit of 5055?
5
What is the hundreds digit of 2466?
4
What is the ten thousands digit of 93529?
9
What is the tens digit of 24194?
9
What is the hundreds digit of 2888?
8
What is the hundreds digit of 7200?
2
What is the thousands digit of 12675?
2
What is the ten thousands digit of 73428?
7
What is the hundreds digit of 1961?
9
What is the units digit of 349?
9
What is the thousands digit of 5141?
5
What is the tens digit of 755?
5
What is the thousands digit of 2702?
2
What is the units digit of 9261?
1
What is the hundreds digit of 385?
3
What is the ten thousands digit of 43619?
4
What is the hundreds digit of 830?
8
What is the thousands digit of 10901?
0
What is the thousands digit of 3213?
3
What is the units digit of 3111?
1
What is the units digit of 1239?
9
What is the thousands digit of 47818?
7
What is the tens digit of 3616?
1
What is the hundreds digit of 2649?
6
What is the tens digit of 918?
1
What is the hundreds digit of 3015?
0
What is the units digit of 43747?
7
What is the units digit of 33178?
8
What is the units digit of 971?
1
What is the units digit of 4009?
9
What is the hundreds digit of 55067?
0
What is the thousands digit of 2296?
2
What is the thousands digit of 55137?
5
What is the hundreds digit of 2806?
8
What is the tens digit of 63979?
7
What is the hundreds digit of 3019?
0
What is the hundreds digit of 282?
2
What is the tens digit of 26883?
8
What is the units digit of 1849?
9
What is the units digit of 5381?
1
What is the units digit of 37063?
3
What is the ten thousands digit of 27035?
2
What is the tens digit of 5001?
0
What is the units digit of 1797?
7
What is the units digit of 931?
1
What is the units digit of 2773?
3
What is the tens digit of 218?
1
What is the tens digit of 50228?
2
What is the hundreds digit of 13587?
5
What is the hundreds digit of 1862?
8
What is the units digit of 2266?
6
What is the hundreds digit of 1896?
8
What is the units digit of 13709?
9
What is the tens digit of 1588?
8
What is the hundreds digit of 7084?
0
What is the units digit of 3136?
6
What is the ten thousands digit of 32715?
3
What is the units digit of 9736?
6
What is the units digit of 20437?
7
What is the hundred thousands digit of 166537?
1
What is the units digit of 35417?
7
What is the ten thousands digit of 11203?
1
What is the hundreds digit of 22929?
9
What is the hundreds digit of 107148?
1
What is the tens digit of 772?
7
What is the hundreds digit of 4539?
5
What is the units digit of 246?
6
What is the thousands digit of 79836?
9
What is the thousands digit of 105754?
5
What is the thousands digit of 1020?
1
What is the hundreds digit of 7223?
2
What is the thousands digit of 1393?
1
What is the hundreds digit of 158?
1
What is the units digit of 76?
6
What is the ten thousands digit of 33113?
3
What is the thousands digit of 61500?
1
What is the thousands digit of 1151?
1
What is the tens digit of 60986?
8
What is the thousands digit of 7072?
7
What is the units digit of 17052?
2
What is the thousands digit of 72635?
2
What is the thousands digit of 7096?
7
What is the tens digit of 202?
0
What is the thousands digit of 1136?
1
What is the hundreds digit of 5284?
2
What is the thousands digit of 82131?
2
What is the ten thousands digit of 36064?
3
What is the thousands digit of 9358?
9
What is the hundreds digit of 4835?
8
What is the tens digit of 21488?
8
What is the ten thousands digit of 17060?
1
What is the thousands digit of 21809?
1
What is the tens digit of 3689?
8
What is the tens digit of 18638?
3
What is the hundreds digit of 6505?
5
What is the units digit of 1081?
1
What is the units digit of 23029?
9
What is the thousands digit of 2947?
2
What is the tens digit of 13168?
6
What is the ten thousands digit of 13205?
1
What is the units digit of 384?
4
What is the hundreds digit of 783?
7
What is the ten thousands digit of 15507?
1
What is the tens digit of 79457?
5
What is the units digit of 8017?
7
What is the thousands digit of 2588?
2
What is the thousands digit of 3605?
3
What is the hundreds digit of 1534?
5
What is the units digit of 824?
4
What is the tens digit of 186?
8
What is the hundreds digit of 2150?
1
What is the hundred thousands digit of 149249?
1
What is the units digit of 7465?
5
What is the hundreds digit of 109601?
6
What is the hundreds digit of 5948?
9
What is the tens digit of 2854?
5
What is the thousands digit of 1242?
1
What is the tens digit of 1995?
9
What is the tens digit of 511?
1
What is the thousands digit of 2073?
2
What is the tens digit of 2106?
0
What is the hundreds digit of 7740?
7
What is the units digit of 2021?
1
What is the hundreds digit of 1512?
5
What is the thousands digit of 19063?
9
What is the hundreds digit of 662?
6
What is the units digit of 23154?
4
What is the hundreds digit of 72672?
6
What is the units digit of 515?
5
What is the units digit of 628?
8
What is the thousands digit of 16501?
6
What is the hundreds digit of 1019?
0
What is the tens digit of 872?
7
What is the hundreds digit of 558?
5
What is the hundreds digit of 490?
4
What is the hundreds digit of 37737?
7
What is the thousands digit of 78798?
8
What is the tens digit of 1314?
1
What is the tens digit of 6244?
4
What is the hundreds digit of 357?
3
What is the units digit of 9325?
5
What is the units digit of 2973?
3
What is the units digit of 12804?
4
What is the tens digit of 126494?
9
What is the hundreds digit of 1013?
0
What is the tens digit of 2233?
3
What is the thousands digit of 2669?
2
What is the hundreds digit of 1532?
5
What is the hundreds digit of 5287?
2
What is the thousands digit of 49138?
9
What is the hundreds digit of 5816?
8
What is the tens digit of 93857?
5
What is the hundreds digit of 890?
8
What is the tens digit of 22750?
5
What is the thousands digit of 8246?
8
What is the hundreds digit of 766?
7
What is the thousands digit of 59088?
9
What is the hundreds digit of 3623?
6
What is the tens digit of 2631?
3
What is the thousands digit of 2977?
2
What is the thousands digit of 3125?
3
What is the tens digit of 25492?
9
What is the units digit of 2982?
2
What is the thousands digit of 2139?
2
What is the tens digit of 716?
1
What is the thousands digit of 175646?
5
What is the ten thousands digit of 45439?
4
What is the thousands digit of 5162?
5
What is the units digit of 307?
7
What is the tens digit of 23520?
2
What is the tens digit of 282?
8
What is the hundreds digit of 1825?
8
What is the tens digit of 7635?
3
What is the tens digit of 781?
8
What is the units digit of 1739?
9
What is the hundreds digit of 84713?
7
What is the hundreds digit of 888?
8
What is the thousands digit of 14443?
4
What is the hundreds digit of 1473?
4
What is the tens digit of 159548?
4
What is the ten thousands digit of 151623?
5
What is the tens digit of 151873?
7
What is the thousands digit of 5783?
5
What is the hundreds digit of 8632?
6
What is the hundreds digit of 17667?
6
What is the units digit of 5727?
7
What is the tens digit of 2011?
1
What is the units digit of 93027?
7
What is the tens digit of 20294?
9
What is the units digit of 969?
9
What is the thousands digit of 48576?
8
What is the tens digit of 3078?
7
What is the tens digit of 4725?
2
What is the thousands digit of 1033?
1
What is the hundreds digit of 102382?
3
What is the units digit of 113?
3
What is the hundreds digit of 134805?
8
What is the units digit of 8125?
5
What is the thousands digit of 17501?
7
What is the units digit of 23403?
3
What is the thousands digit of 1447?
1
What is the tens digit of 11012?
1
What is the tens digit of 93403?
0
What is the hundreds digit of 7460?
4
What is the hundreds digit of 57531?
5
What is the hundreds digit of 98339?
3
What is the tens digit of 1557?
5
What is the thousands digit of 7805?
7
What is the units digit of 50524?
4
What is the ten thousands digit of 27798?
2
What is the tens digit of 26482?
8
What is the tens digit of 1293?
9
What is the tens digit of 29411?
1
What is th